{"id":4713,"date":"2016-06-26T15:51:18","date_gmt":"2016-06-26T18:51:18","guid":{"rendered":"http:\/\/tatianaleal.com.br\/decoracao\/?page_id=4713"},"modified":"2016-06-26T23:13:18","modified_gmt":"2016-06-27T02:13:18","slug":"tecnica-a-falsa-laca","status":"publish","type":"page","link":"http:\/\/tatianaleal.com.br\/decoracao\/tecnica-a-falsa-laca\/","title":{"rendered":"Veja esse antes e depois com a t\u00e9cnica a FALSA LACA:"},"content":{"rendered":"<figure id=\"attachment_4587\" class=\"wp-caption aligncenter\" style=\"max-width: 987px\"><a href=\"http:\/\/tatianaleal.com.br\/decoracao\/wp-content\/uploads\/2016\/06\/falsa-laca-armario.png\" rel=\"attachment wp-att-4587\"><img  title=\"\" fetchpriority=\"high\" decoding=\"async\" class=\"wp-image-4587 size-full\" src=\"http:\/\/tatianaleal.com.br\/decoracao\/wp-content\/uploads\/2016\/06\/falsa-laca-armario.png\"  alt=\"falsa-laca-armario Veja esse antes e depois com a t\u00e9cnica a FALSA LACA:\"  width=\"987\" height=\"481\" srcset=\"http:\/\/tatianaleal.com.br\/decoracao\/wp-content\/uploads\/2016\/06\/falsa-laca-armario.png 987w, http:\/\/tatianaleal.com.br\/decoracao\/wp-content\/uploads\/2016\/06\/falsa-laca-armario-300x146.png 300w, http:\/\/tatianaleal.com.br\/decoracao\/wp-content\/uploads\/2016\/06\/falsa-laca-armario-768x374.png 768w\" sizes=\"(max-width: 987px) 100vw, 987px\" \/><\/a><figcaption class=\"wp-caption-text\">\u00a0 \u00a0 \u00a0 \u00a0 \u00a0 \u00a0 \u00a0 Acabamento feito com a t\u00e9cnica que se assemelha a Laca, denominada Falsa Laca, por\u00e9m feita manualmente.<\/figcaption><\/figure>\n<h4 style=\"text-align: center;\"><strong><span style=\"color: #ff0000;\">Receba gr\u00e1tis as 7 dicas de pintura em m\u00f3veis especialmente pra voc\u00ea que adora aprender coisas novas!<\/span><\/strong><\/h4>\n<p><a href=\"http:\/\/tatianaleal.com.br\/decoracao\/receba-as-7-dicas-de-pintura\/\" rel=\"attachment wp-att-4685\"><img  title=\"\" decoding=\"async\" class=\"wp-image-4685 size-full aligncenter\" src=\"http:\/\/tatianaleal.com.br\/decoracao\/wp-content\/uploads\/2016\/06\/7dicas.png\"  alt=\"7dicas Veja esse antes e depois com a t\u00e9cnica a FALSA LACA:\"  width=\"401\" height=\"240\" srcset=\"http:\/\/tatianaleal.com.br\/decoracao\/wp-content\/uploads\/2016\/06\/7dicas.png 401w, http:\/\/tatianaleal.com.br\/decoracao\/wp-content\/uploads\/2016\/06\/7dicas-300x180.png 300w\" sizes=\"(max-width: 401px) 100vw, 401px\" \/><\/a><\/p>\n<p style=\"text-align: center;\">Quer aprender a fazer a Falsa Laca? Veja a apresenta\u00e7\u00e3o do meu curso no v\u00eddeo abaixo:<\/p>\n<p><center><iframe src=\"https:\/\/www.youtube.com\/embed\/-IWrRl05ehg\" width=\"560\" height=\"315\" frameborder=\"0\" allowfullscreen=\"allowfullscreen\"><\/iframe><\/center><center><\/center><center><\/center><center><\/center><center>Adquira o curso a Falsa Laca clicando no bot\u00e3o abaixo:<\/center><center><\/center><center><a href=\"http:\/\/tatianaleal.com.br\/decoracao\/falsa laca\" rel=\"attachment wp-att-4715\"><img  title=\"\" decoding=\"async\" class=\"aligncenter wp-image-4715 size-full\" src=\"http:\/\/tatianaleal.com.br\/decoracao\/wp-content\/uploads\/2016\/06\/acesse-o-curso.jpg\"  alt=\"acesse-o-curso Veja esse antes e depois com a t\u00e9cnica a FALSA LACA:\"  width=\"328\" height=\"152\" srcset=\"http:\/\/tatianaleal.com.br\/decoracao\/wp-content\/uploads\/2016\/06\/acesse-o-curso.jpg 328w, http:\/\/tatianaleal.com.br\/decoracao\/wp-content\/uploads\/2016\/06\/acesse-o-curso-300x139.jpg 300w\" sizes=\"(max-width: 328px) 100vw, 328px\" \/><\/a><a href=\"http:\/\/tatianaleal.com.br\/decoracao\/wp-content\/uploads\/2016\/03\/Manual-Patina-e-cia.png\" rel=\"attachment wp-att-4272\"><br \/>\n<\/a><\/center><\/p>\n","protected":false},"excerpt":{"rendered":"<p>Receba gr\u00e1tis as 7 dicas de pintura em m\u00f3veis especialmente pra voc\u00ea que adora aprender coisas novas! Quer aprender a fazer a Falsa Laca? Veja a apresenta\u00e7\u00e3o do meu curso no v\u00eddeo abaixo: Adquira o curso a Falsa Laca clicando no bot\u00e3o abaixo:<\/p>\n","protected":false},"author":1,"featured_media":4588,"parent":0,"menu_order":0,"comment_status":"closed","ping_status":"closed","template":"","meta":{"_monsterinsights_skip_tracking":false,"_monsterinsights_sitenote_active":false,"_monsterinsights_sitenote_note":"","_monsterinsights_sitenote_category":0,"_joinchat":[],"footnotes":"","_links_to":"","_links_to_target":""},"class_list":{"0":"entry","1":"page","2":"publish","3":"author-admin","4":"post-4713","6":"has-post-thumbnail"},"yoast_head":"<!-- This site is optimized with the Yoast SEO plugin v27.2 - https:\/\/yoast.com\/product\/yoast-seo-wordpress\/ -->\n<title>Veja esse antes e depois com a t\u00e9cnica a FALSA LACA: - Pinturas especiais<\/title>\n<meta name=\"description\" content=\"Veja esse antes e depois Falsa Laca\" \/>\n<meta name=\"robots\" content=\"index, follow, max-snippet:-1, max-image-preview:large, max-video-preview:-1\" \/>\n<link rel=\"canonical\" href=\"http:\/\/tatianaleal.com.br\/decoracao\/tecnica-a-falsa-laca\/\" \/>\n<meta property=\"og:locale\" content=\"pt_BR\" \/>\n<meta property=\"og:type\" content=\"article\" \/>\n<meta property=\"og:title\" content=\"Veja esse antes e depois com a t\u00e9cnica a FALSA LACA: - Pinturas especiais\" \/>\n<meta property=\"og:description\" content=\"Veja esse antes e depois Falsa Laca\" \/>\n<meta property=\"og:url\" content=\"http:\/\/tatianaleal.com.br\/decoracao\/tecnica-a-falsa-laca\/\" \/>\n<meta property=\"og:site_name\" content=\"Pinturas especiais\" \/>\n<meta property=\"article:modified_time\" content=\"2016-06-27T02:13:18+00:00\" \/>\n<meta property=\"og:image\" content=\"http:\/\/tatianaleal.com.br\/decoracao\/wp-content\/uploads\/2016\/06\/falsa-laca-armario-1.png\" \/>\n\t<meta property=\"og:image:width\" content=\"600\" \/>\n\t<meta property=\"og:image:height\" content=\"292\" \/>\n\t<meta property=\"og:image:type\" content=\"image\/png\" \/>\n<script type=\"application\/ld+json\" class=\"yoast-schema-graph\">{\"@context\":\"https:\/\/schema.org\",\"@graph\":[{\"@type\":\"WebPage\",\"@id\":\"http:\/\/tatianaleal.com.br\/decoracao\/tecnica-a-falsa-laca\/\",\"url\":\"http:\/\/tatianaleal.com.br\/decoracao\/tecnica-a-falsa-laca\/\",\"name\":\"Veja esse antes e depois com a t\u00e9cnica a FALSA LACA: - Pinturas especiais\",\"isPartOf\":{\"@id\":\"http:\/\/tatianaleal.com.br\/decoracao\/#website\"},\"primaryImageOfPage\":{\"@id\":\"http:\/\/tatianaleal.com.br\/decoracao\/tecnica-a-falsa-laca\/#primaryimage\"},\"image\":{\"@id\":\"http:\/\/tatianaleal.com.br\/decoracao\/tecnica-a-falsa-laca\/#primaryimage\"},\"thumbnailUrl\":\"http:\/\/tatianaleal.com.br\/decoracao\/wp-content\/uploads\/2016\/06\/falsa-laca-armario-1.png\",\"datePublished\":\"2016-06-26T18:51:18+00:00\",\"dateModified\":\"2016-06-27T02:13:18+00:00\",\"description\":\"Veja esse antes e depois Falsa Laca\",\"breadcrumb\":{\"@id\":\"http:\/\/tatianaleal.com.br\/decoracao\/tecnica-a-falsa-laca\/#breadcrumb\"},\"inLanguage\":\"pt-BR\",\"potentialAction\":[{\"@type\":\"ReadAction\",\"target\":[\"http:\/\/tatianaleal.com.br\/decoracao\/tecnica-a-falsa-laca\/\"]}]},{\"@type\":\"ImageObject\",\"inLanguage\":\"pt-BR\",\"@id\":\"http:\/\/tatianaleal.com.br\/decoracao\/tecnica-a-falsa-laca\/#primaryimage\",\"url\":\"http:\/\/tatianaleal.com.br\/decoracao\/wp-content\/uploads\/2016\/06\/falsa-laca-armario-1.png\",\"contentUrl\":\"http:\/\/tatianaleal.com.br\/decoracao\/wp-content\/uploads\/2016\/06\/falsa-laca-armario-1.png\",\"width\":600,\"height\":292},{\"@type\":\"BreadcrumbList\",\"@id\":\"http:\/\/tatianaleal.com.br\/decoracao\/tecnica-a-falsa-laca\/#breadcrumb\",\"itemListElement\":[{\"@type\":\"ListItem\",\"position\":1,\"name\":\"Home\",\"item\":\"http:\/\/tatianaleal.com.br\/decoracao\/\"},{\"@type\":\"ListItem\",\"position\":2,\"name\":\"Veja esse antes e depois com a t\u00e9cnica a FALSA LACA:\"}]},{\"@type\":\"WebSite\",\"@id\":\"http:\/\/tatianaleal.com.br\/decoracao\/#website\",\"url\":\"http:\/\/tatianaleal.com.br\/decoracao\/\",\"name\":\"Ateli\u00ea TL\",\"description\":\"Arte, restaura\u00e7\u00e3o de m\u00f3veis, decora\u00e7\u00e3o\",\"alternateName\":\"Pinturas decorativas\",\"potentialAction\":[{\"@type\":\"SearchAction\",\"target\":{\"@type\":\"EntryPoint\",\"urlTemplate\":\"http:\/\/tatianaleal.com.br\/decoracao\/?s={search_term_string}\"},\"query-input\":{\"@type\":\"PropertyValueSpecification\",\"valueRequired\":true,\"valueName\":\"search_term_string\"}}],\"inLanguage\":\"pt-BR\"}]}<\/script>\n<!-- \/ Yoast SEO plugin. -->","yoast_head_json":{"title":"Veja esse antes e depois com a t\u00e9cnica a FALSA LACA: - Pinturas especiais","description":"Veja esse antes e depois Falsa Laca","robots":{"index":"index","follow":"follow","max-snippet":"max-snippet:-1","max-image-preview":"max-image-preview:large","max-video-preview":"max-video-preview:-1"},"canonical":"http:\/\/tatianaleal.com.br\/decoracao\/tecnica-a-falsa-laca\/","og_locale":"pt_BR","og_type":"article","og_title":"Veja esse antes e depois com a t\u00e9cnica a FALSA LACA: - Pinturas especiais","og_description":"Veja esse antes e depois Falsa Laca","og_url":"http:\/\/tatianaleal.com.br\/decoracao\/tecnica-a-falsa-laca\/","og_site_name":"Pinturas especiais","article_modified_time":"2016-06-27T02:13:18+00:00","og_image":[{"width":600,"height":292,"url":"http:\/\/tatianaleal.com.br\/decoracao\/wp-content\/uploads\/2016\/06\/falsa-laca-armario-1.png","type":"image\/png"}],"schema":{"@context":"https:\/\/schema.org","@graph":[{"@type":"WebPage","@id":"http:\/\/tatianaleal.com.br\/decoracao\/tecnica-a-falsa-laca\/","url":"http:\/\/tatianaleal.com.br\/decoracao\/tecnica-a-falsa-laca\/","name":"Veja esse antes e depois com a t\u00e9cnica a FALSA LACA: - Pinturas especiais","isPartOf":{"@id":"http:\/\/tatianaleal.com.br\/decoracao\/#website"},"primaryImageOfPage":{"@id":"http:\/\/tatianaleal.com.br\/decoracao\/tecnica-a-falsa-laca\/#primaryimage"},"image":{"@id":"http:\/\/tatianaleal.com.br\/decoracao\/tecnica-a-falsa-laca\/#primaryimage"},"thumbnailUrl":"http:\/\/tatianaleal.com.br\/decoracao\/wp-content\/uploads\/2016\/06\/falsa-laca-armario-1.png","datePublished":"2016-06-26T18:51:18+00:00","dateModified":"2016-06-27T02:13:18+00:00","description":"Veja esse antes e depois Falsa Laca","breadcrumb":{"@id":"http:\/\/tatianaleal.com.br\/decoracao\/tecnica-a-falsa-laca\/#breadcrumb"},"inLanguage":"pt-BR","potentialAction":[{"@type":"ReadAction","target":["http:\/\/tatianaleal.com.br\/decoracao\/tecnica-a-falsa-laca\/"]}]},{"@type":"ImageObject","inLanguage":"pt-BR","@id":"http:\/\/tatianaleal.com.br\/decoracao\/tecnica-a-falsa-laca\/#primaryimage","url":"http:\/\/tatianaleal.com.br\/decoracao\/wp-content\/uploads\/2016\/06\/falsa-laca-armario-1.png","contentUrl":"http:\/\/tatianaleal.com.br\/decoracao\/wp-content\/uploads\/2016\/06\/falsa-laca-armario-1.png","width":600,"height":292},{"@type":"BreadcrumbList","@id":"http:\/\/tatianaleal.com.br\/decoracao\/tecnica-a-falsa-laca\/#breadcrumb","itemListElement":[{"@type":"ListItem","position":1,"name":"Home","item":"http:\/\/tatianaleal.com.br\/decoracao\/"},{"@type":"ListItem","position":2,"name":"Veja esse antes e depois com a t\u00e9cnica a FALSA LACA:"}]},{"@type":"WebSite","@id":"http:\/\/tatianaleal.com.br\/decoracao\/#website","url":"http:\/\/tatianaleal.com.br\/decoracao\/","name":"Ateli\u00ea TL","description":"Arte, restaura\u00e7\u00e3o de m\u00f3veis, decora\u00e7\u00e3o","alternateName":"Pinturas decorativas","potentialAction":[{"@type":"SearchAction","target":{"@type":"EntryPoint","urlTemplate":"http:\/\/tatianaleal.com.br\/decoracao\/?s={search_term_string}"},"query-input":{"@type":"PropertyValueSpecification","valueRequired":true,"valueName":"search_term_string"}}],"inLanguage":"pt-BR"}]}},"_links":{"self":[{"href":"http:\/\/tatianaleal.com.br\/decoracao\/wp-json\/wp\/v2\/pages\/4713","targetHints":{"allow":["GET"]}}],"collection":[{"href":"http:\/\/tatianaleal.com.br\/decoracao\/wp-json\/wp\/v2\/pages"}],"about":[{"href":"http:\/\/tatianaleal.com.br\/decoracao\/wp-json\/wp\/v2\/types\/page"}],"author":[{"embeddable":true,"href":"http:\/\/tatianaleal.com.br\/decoracao\/wp-json\/wp\/v2\/users\/1"}],"replies":[{"embeddable":true,"href":"http:\/\/tatianaleal.com.br\/decoracao\/wp-json\/wp\/v2\/comments?post=4713"}],"version-history":[{"count":8,"href":"http:\/\/tatianaleal.com.br\/decoracao\/wp-json\/wp\/v2\/pages\/4713\/revisions"}],"predecessor-version":[{"id":4719,"href":"http:\/\/tatianaleal.com.br\/decoracao\/wp-json\/wp\/v2\/pages\/4713\/revisions\/4719"}],"wp:featuredmedia":[{"embeddable":true,"href":"http:\/\/tatianaleal.com.br\/decoracao\/wp-json\/wp\/v2\/media\/4588"}],"wp:attachment":[{"href":"http:\/\/tatianaleal.com.br\/decoracao\/wp-json\/wp\/v2\/media?parent=4713"}],"curies":[{"name":"wp","href":"https:\/\/api.w.org\/{rel}","templated":true}]}}